{"id":1169988,"date":"2026-05-01T03:10:38","date_gmt":"2026-05-01T01:10:38","guid":{"rendered":"https:\/\/www.stewe.de\/technischer-serviceleiter-facility-management-berlin-8590"},"modified":"-0001-11-30T00:00:00","modified_gmt":"-0001-11-29T22:00:00","slug":"technischer-serviceleiter-facility-management-berlin-8590","status":"publish","type":"stellenanzeige","link":"https:\/\/www.stewe.de\/en\/stellenanzeige\/technischer-serviceleiter-facility-management-berlin-8590","title":{"rendered":"Technischer Serviceleiter  Facility Management- Berlin [8590]"},"content":{"rendered":"<h2>Berlin West | Mehrere Objekte | Firmenfahrzeug<\/h2>\n<p>Als <strong>Serviceleiter<\/strong> (m\/w\/d) \u00fcbernehmen Sie in Vollzeit die technische<strong> Steuerung von Liegenschaften<\/strong> im westlichen Berliner Stadtgebiet als zentrale Koordinations\u2011 und Steuerungsinstanz.<\/p>\n<figure class=\"wp-caption\"><\/figure>\n<p>Ideal f\u00fcr Industriemechaniker, Anlagenmechaniker SHK, Elektrotechniker oder Elektroniker (m\/w\/d) die sich bereits im Facilitymanagement weiterqualifiziert haben und den n\u00e4chsten Karriereschritt machen wollen oder eine Objektleitung inne haben.<\/p>\n<h2>Rahmenbedingungen<\/h2>\n<ul>\n<li>Technische Gesamtverantwortung f\u00fcr mehrere Objekte<\/li>\n<li>Moderne Arbeitsmittel, IT\u2011Tools, mobile Endger\u00e4te<\/li>\n<li>Firmenfahrzeug f\u00fcr dienstliche Fahrten<\/li>\n<li>Rolle mit Steuerungs\u2011 und Entscheidungskompetenz<\/li>\n<li><strong>\u00dcbernahme in Kundenbetrieb, wenn beide Seiten wollen<\/strong><\/li>\n<\/ul>\n<h2>Ihre Aufgaben<\/h2>\n<ul>\n<li>Verantwortung f\u00fcr technischen Betrieb und Instandhaltung<\/li>\n<li>Abstimmung mit Objektleitern, Auftraggebern, Dienstleistern und Team<\/li>\n<li>Koordination, Steuerung, \u00dcberwachung technischer Leistungsausf\u00fchrungen<\/li>\n<li>Teilnahme an Wartungen, Pr\u00fcfungen und Abnahmen<\/li>\n<li>Erfassung, Nachverfolgung, Dokumentation von M\u00e4ngeln<\/li>\n<li>Sicherstellung der Einhaltung von Gew\u00e4hrleistungsanspr\u00fcchen<\/li>\n<li>Organisation, Leitung von Ma\u00dfnahmen im St\u00f6rungsmanagement<\/li>\n<li>Technische Beratung zu Betrieb, Instandhaltung, Optimierung von Geb\u00e4udetechnik<\/li>\n<\/ul>\n<h2>Das bringen Sie mit<\/h2>\n<ul>\n<li>Abgeschlossenes technisches Studium (z. B. Elektrotechnik, TGA, Facility Management)<\/li>\n<li>oder Abschluss als Meister Elektrotechnik, Elektrotechniker, Ingenieur Elektrotechnik bzw. staatlich gepr\u00fcfter Techniker (m\/w\/d)<\/li>\n<li>Berufserfahrung im technischen Geb\u00e4udemanagement<\/li>\n<li>Ausgepr\u00e4gtes Verantwortungsbewusstsein, Kundenorientierung<\/li>\n<li>Sehr gute Kommunikations\u2011 und Organisationsf\u00e4higkeit<\/li>\n<li>F\u00fchrerschein Klasse B<\/li>\n<li>Deutsch C2<\/li>\n<\/ul>\n<h2>Kontakt aufnehmen<\/h2>\n<p>Wenn Sie technische Verantwortung \u00fcbernehmen m\u00f6chten, freuen wir uns auf Ihre Kontaktaufnahme.<\/p>\n<h2>\u00dcber stewe Personalservice<\/h2>\n<p>Wir betreuen Fach\u2011 und F\u00fchrungskr\u00e4fte in technischen und gewerblichen Bereichen. Transparente Prozesse, verl\u00e4ssliche Eins\u00e4tze, pers\u00f6nliche Betreuung.<\/p>\n","protected":false},"author":7,"template":"","class_list":["post-1169988","stellenanzeige","type-stellenanzeige","status-publish","hentry","stellenanzeige_kategorie-immobilien","duration_stellenanzeige-unbefristete-beschaeftigung","art_der_anstellung-vollzeit","type_stellenanzeige-festanstellung-zeitarbeit","firma_stellenanzeige-talent-360"],"acf":[],"_links":{"self":[{"href":"https:\/\/www.stewe.de\/en\/wp-json\/wp\/v2\/stellenanzeigen\/1169988","targetHints":{"allow":["GET"]}}],"collection":[{"href":"https:\/\/www.stewe.de\/en\/wp-json\/wp\/v2\/stellenanzeigen"}],"about":[{"href":"https:\/\/www.stewe.de\/en\/wp-json\/wp\/v2\/types\/stellenanzeige"}],"author":[{"embeddable":true,"href":"https:\/\/www.stewe.de\/en\/wp-json\/wp\/v2\/users\/7"}],"wp:attachment":[{"href":"https:\/\/www.stewe.de\/en\/wp-json\/wp\/v2\/media?parent=1169988"}],"curies":[{"name":"wp","href":"https:\/\/api.w.org\/{rel}","templated":true}]}}

<h2>Berlin West | Mehrere Objekte | Firmenfahrzeug</h2>
<p>Als <strong>Serviceleiter</strong> (m/w/d) übernehmen Sie in Vollzeit die technische<strong> Steuerung von Liegenschaften</strong> im westlichen Berliner Stadtgebiet als zentrale Koordinations‑ und Steuerungsinstanz.</p>
<figure class="wp-caption"></figure>
<p>Ideal für Industriemechaniker, Anlagenmechaniker SHK, Elektrotechniker oder Elektroniker (m/w/d) die sich bereits im Facilitymanagement weiterqualifiziert haben und den nächsten Karriereschritt machen wollen oder eine Objektleitung inne haben.</p>
<h2>Rahmenbedingungen</h2>
<ul>
<li>Technische Gesamtverantwortung für mehrere Objekte</li>
<li>Moderne Arbeitsmittel, IT‑Tools, mobile Endgeräte</li>
<li>Firmenfahrzeug für dienstliche Fahrten</li>
<li>Rolle mit Steuerungs‑ und Entscheidungskompetenz</li>
<li><strong>Übernahme in Kundenbetrieb, wenn beide Seiten wollen</strong></li>
</ul>
<h2>Ihre Aufgaben</h2>
<ul>
<li>Verantwortung für technischen Betrieb und Instandhaltung</li>
<li>Abstimmung mit Objektleitern, Auftraggebern, Dienstleistern und Team</li>
<li>Koordination, Steuerung, Überwachung technischer Leistungsausführungen</li>
<li>Teilnahme an Wartungen, Prüfungen und Abnahmen</li>
<li>Erfassung, Nachverfolgung, Dokumentation von Mängeln</li>
<li>Sicherstellung der Einhaltung von Gewährleistungsansprüchen</li>
<li>Organisation, Leitung von Maßnahmen im Störungsmanagement</li>
<li>Technische Beratung zu Betrieb, Instandhaltung, Optimierung von Gebäudetechnik</li>
</ul>
<h2>Das bringen Sie mit</h2>
<ul>
<li>Abgeschlossenes technisches Studium (z. B. Elektrotechnik, TGA, Facility Management)</li>
<li>oder Abschluss als Meister Elektrotechnik, Elektrotechniker, Ingenieur Elektrotechnik bzw. staatlich geprüfter Techniker (m/w/d)</li>
<li>Berufserfahrung im technischen Gebäudemanagement</li>
<li>Ausgeprägtes Verantwortungsbewusstsein, Kundenorientierung</li>
<li>Sehr gute Kommunikations‑ und Organisationsfähigkeit</li>
<li>Führerschein Klasse B</li>
<li>Deutsch C2</li>
</ul>
<h2>Kontakt aufnehmen</h2>
<p>Wenn Sie technische Verantwortung übernehmen möchten, freuen wir uns auf Ihre Kontaktaufnahme.</p>
<h2>Über stewe Personalservice</h2>
<p>Wir betreuen Fach‑ und Führungskräfte in technischen und gewerblichen Bereichen. Transparente Prozesse, verlässliche Einsätze, persönliche Betreuung.</p>
