{"id":1169806,"date":"2026-05-01T03:10:32","date_gmt":"2026-05-01T01:10:32","guid":{"rendered":"https:\/\/www.stewe.de\/personalreferent-lindlar-8291"},"modified":"-0001-11-30T00:00:00","modified_gmt":"-0001-11-29T22:00:00","slug":"personalreferent-lindlar-8291","status":"publish","type":"stellenanzeige","link":"https:\/\/www.stewe.de\/en\/stellenanzeige\/personalreferent-lindlar-8291","title":{"rendered":"Personalreferent &#8211; Lindlar [8291]"},"content":{"rendered":"<p>F\u00fcr unseren Kunden in Lindlar suchen wir im Rahmen der <strong>Direktvermittlung<\/strong> einen engagierten <strong>Personalreferenten (m\/w\/d)<\/strong>. In dieser verantwortungsvollen Position unterst\u00fctzen Sie als <strong>HR- Business Partne<\/strong>r <strong>(m\/w\/d) <\/strong>das Unternehmen in allen personalrelevanten Themen und tragen aktiv zur Weiterentwicklung moderner HR-Strukturen bei.<\/p>\n<h2>Freuen Sie sich auf<\/h2>\n<ul>\n<li>Tarifvertrag der Metall- und Elektroindustrie<\/li>\n<li>Urlaubs- und Weihnachtsgeld<\/li>\n<li>6 Wochen Urlaub pro Jahr<\/li>\n<li>Subventionierte Kantine, Fitness-Studio, Kindergarten<\/li>\n<li>Shopping-Rabatte bei ausgew\u00e4hlten Premium-Marken<\/li>\n<li>M\u00f6glichkeit zu mobilem Arbeiten<\/li>\n<\/ul>\n<h2>Ihr neuer Job<\/h2>\n<ul>\n<li>Begleitung von Personalma\u00dfnahmen von Einstellung bis Trennung<\/li>\n<li>Beratung und Begleitung unserer F\u00fchrungskr\u00e4fte in allen operativen und strategischen Personalfragestellungen innerhalb des betreuten Verantwortungsbereichs<\/li>\n<li>Sicherstellung effizienter HR-Prozesse<\/li>\n<li>Beratung bei Aufbau- und Ablauforganisation und Unterst\u00fctzung bei der Umsetzung von Change Prozessen<\/li>\n<li>Vorbereitung und Begleitung personeller Einzelma\u00dfnahmen<\/li>\n<li>Professionelle und souver\u00e4ne Zusammenarbeit mit dem Betriebsrat<\/li>\n<li>Risikobewertung unter Beachtung arbeits-und betriebsverfassungsrechtlicher Rahmenbedingungen<\/li>\n<li>Begleitung von Personalprojekten (u.a. Digitalisierung, ETRL etc.)<\/li>\n<\/ul>\n<h2>Ihr Profil<\/h2>\n<ul>\n<li>Abgeschlossenes Studium mit HR-, wirtschafts- oder arbeitsrechtlichem Schwerpunkt (oder vergleichbare <strong>Ausbildung im Bereich Personalmanagement<\/strong>)<\/li>\n<li><strong>Mehrj\u00e4hrige Erfahrung<\/strong> als HR Business Partner in einem produzierenden oder mittelst\u00e4ndischem Umfeld<\/li>\n<li>Erfahrungen mit gewerblich-technischem Personal ist erforderlich<\/li>\n<li>Fundierte Kenntnisse im individuellen und kollektiven Arbeitsrecht<\/li>\n<li>Erfahrung in der Zusammenarbeit mit einem Betriebsrat<\/li>\n<li>F\u00e4higkeit, komplexe Sachverhalte klar und entscheidungsreif aufzubereiten<\/li>\n<li>Durchsetzungsf\u00e4higkeit, Unternehmerisches Denken, Konfliktstabilit\u00e4t und die F\u00e4higkeit, auch unpopul\u00e4re Ma\u00dfnahmen professionell zu vertreten<\/li>\n<li>Flie\u00dfende Deutschkenntnisse in Wort und Schrift, weitere Fremdsprachenkenntnisse (insb. Englisch) w\u00e4re ein zus\u00e4tzliches Plus<\/li>\n<\/ul>\n<h2>Wir freuen uns auf Sie!<\/h2>\n<p>Sie sind der perfekte Kandidat? Dann klicken Sie auf &quot;jetzt bewerben&quot; und wir werden Sie so schnell wie m\u00f6glich kontaktieren.<\/p>\n<p>Sie m\u00f6chten sofort eine Antwort und k\u00f6nnen es kaum abwarten?<\/p>\n<p>Dann einfach unter dieser Nummer anrufen oder einfach eine direkte Mail an uns senden und ergattern Sie heute noch einen Job!<\/p>\n<\/p>\n<h2>\u00dcber stewe Personalservice<\/h2>\n<p><strong>stewe Personalservice<\/strong> ist seit 2004 eine etablierte Gr\u00f6\u00dfe im Bereich Personaldienstleistung und Personalvermittlung.<\/p>\n<p>In 12 Niederlassungen betreuen wir aktuell eine stetig wachsende Zahl an zufriedenen Mitarbeitern aller Generationen.<\/p>\n","protected":false},"author":7,"template":"","class_list":["post-1169806","stellenanzeige","type-stellenanzeige","status-publish","hentry","stellenanzeige_kategorie-metallerzeugung-verarbeitung","duration_stellenanzeige-unbefristete-beschaeftigung","art_der_anstellung-vollzeit","type_stellenanzeige-festanstellung","firma_stellenanzeige-talent-360"],"acf":[],"_links":{"self":[{"href":"https:\/\/www.stewe.de\/en\/wp-json\/wp\/v2\/stellenanzeigen\/1169806","targetHints":{"allow":["GET"]}}],"collection":[{"href":"https:\/\/www.stewe.de\/en\/wp-json\/wp\/v2\/stellenanzeigen"}],"about":[{"href":"https:\/\/www.stewe.de\/en\/wp-json\/wp\/v2\/types\/stellenanzeige"}],"author":[{"embeddable":true,"href":"https:\/\/www.stewe.de\/en\/wp-json\/wp\/v2\/users\/7"}],"wp:attachment":[{"href":"https:\/\/www.stewe.de\/en\/wp-json\/wp\/v2\/media?parent=1169806"}],"curies":[{"name":"wp","href":"https:\/\/api.w.org\/{rel}","templated":true}]}}

<p>Für unseren Kunden in Lindlar suchen wir im Rahmen der <strong>Direktvermittlung</strong> einen engagierten <strong>Personalreferenten (m/w/d)</strong>. In dieser verantwortungsvollen Position unterstützen Sie als <strong>HR- Business Partne</strong>r <strong>(m/w/d) </strong>das Unternehmen in allen personalrelevanten Themen und tragen aktiv zur Weiterentwicklung moderner HR-Strukturen bei.</p>
<h2>Freuen Sie sich auf</h2>
<ul>
<li>Tarifvertrag der Metall- und Elektroindustrie</li>
<li>Urlaubs- und Weihnachtsgeld</li>
<li>6 Wochen Urlaub pro Jahr</li>
<li>Subventionierte Kantine, Fitness-Studio, Kindergarten</li>
<li>Shopping-Rabatte bei ausgewählten Premium-Marken</li>
<li>Möglichkeit zu mobilem Arbeiten</li>
</ul>
<h2>Ihr neuer Job</h2>
<ul>
<li>Begleitung von Personalmaßnahmen von Einstellung bis Trennung</li>
<li>Beratung und Begleitung unserer Führungskräfte in allen operativen und strategischen Personalfragestellungen innerhalb des betreuten Verantwortungsbereichs</li>
<li>Sicherstellung effizienter HR-Prozesse</li>
<li>Beratung bei Aufbau- und Ablauforganisation und Unterstützung bei der Umsetzung von Change Prozessen</li>
<li>Vorbereitung und Begleitung personeller Einzelmaßnahmen</li>
<li>Professionelle und souveräne Zusammenarbeit mit dem Betriebsrat</li>
<li>Risikobewertung unter Beachtung arbeits-und betriebsverfassungsrechtlicher Rahmenbedingungen</li>
<li>Begleitung von Personalprojekten (u.a. Digitalisierung, ETRL etc.)</li>
</ul>
<h2>Ihr Profil</h2>
<ul>
<li>Abgeschlossenes Studium mit HR-, wirtschafts- oder arbeitsrechtlichem Schwerpunkt (oder vergleichbare <strong>Ausbildung im Bereich Personalmanagement</strong>)</li>
<li><strong>Mehrjährige Erfahrung</strong> als HR Business Partner in einem produzierenden oder mittelständischem Umfeld</li>
<li>Erfahrungen mit gewerblich-technischem Personal ist erforderlich</li>
<li>Fundierte Kenntnisse im individuellen und kollektiven Arbeitsrecht</li>
<li>Erfahrung in der Zusammenarbeit mit einem Betriebsrat</li>
<li>Fähigkeit, komplexe Sachverhalte klar und entscheidungsreif aufzubereiten</li>
<li>Durchsetzungsfähigkeit, Unternehmerisches Denken, Konfliktstabilität und die Fähigkeit, auch unpopuläre Maßnahmen professionell zu vertreten</li>
<li>Fließende Deutschkenntnisse in Wort und Schrift, weitere Fremdsprachenkenntnisse (insb. Englisch) wäre ein zusätzliches Plus</li>
</ul>
<h2>Wir freuen uns auf Sie!</h2>
<p>Sie sind der perfekte Kandidat? Dann klicken Sie auf &quot;jetzt bewerben&quot; und wir werden Sie so schnell wie möglich kontaktieren.</p>
<p>Sie möchten sofort eine Antwort und können es kaum abwarten?</p>
<p>Dann einfach unter dieser Nummer anrufen oder einfach eine direkte Mail an uns senden und ergattern Sie heute noch einen Job!</p>
</p>
<h2>Über stewe Personalservice</h2>
<p><strong>stewe Personalservice</strong> ist seit 2004 eine etablierte Größe im Bereich Personaldienstleistung und Personalvermittlung.</p>
<p>In 12 Niederlassungen betreuen wir aktuell eine stetig wachsende Zahl an zufriedenen Mitarbeitern aller Generationen.</p>
