{"id":1169456,"date":"2026-05-01T03:10:22","date_gmt":"2026-05-01T01:10:22","guid":{"rendered":"https:\/\/www.stewe.de\/maler-und-lackierer-morsbach-7492"},"modified":"-0001-11-30T00:00:00","modified_gmt":"-0001-11-29T22:00:00","slug":"maler-und-lackierer-morsbach-7492","status":"publish","type":"stellenanzeige","link":"https:\/\/www.stewe.de\/en\/stellenanzeige\/maler-und-lackierer-morsbach-7492","title":{"rendered":"Maler und Lackierer &#8211; Morsbach [7492]"},"content":{"rendered":"<figure class=\"wp-caption\"><\/figure>\n<p><strong>Wir suchen DICH! <\/strong><\/p>\n<figure class=\"wp-caption\"><\/figure>\n<p><strong>Bewirb dich<\/strong> jetzt als <strong>Maler <\/strong>(m\/w\/d), <strong>Lackierer <\/strong>(m\/w\/d), <strong>Innenausbauer <\/strong>(m\/w\/d) oder <strong>Trockenbauer <\/strong>(m\/w\/d) und werde Teil des Teams.<\/p>\n<figure class=\"wp-caption\"><\/figure>\n<p><strong>JEDER<\/strong> ist willkommen!<\/p>\n<figure class=\"wp-caption\"><\/figure>\n<p>Ziel ist die <strong>\u00dcbernahme<\/strong> in eine <strong>Festanstellung!<\/strong><\/p>\n<h2>Freu Dich auf<\/h2>\n<ul>\n<li>Einen <strong>unbefristeten Arbeitsvertrag <\/strong><\/li>\n<li><strong>P\u00fcnktliche Bezahlung <\/strong>+ tarifliche <strong>Zuschl\u00e4ge f\u00fcr \u00dcberstunden <\/strong><\/li>\n<li><strong>30 Tage Urlaubanspruch <\/strong>je nach Betriebszugeh\u00f6rigkeit<\/li>\n<li><strong>Weihnachts- und Urlaubsgeld<\/strong><\/li>\n<li><strong>Abschlagszahlungen<\/strong> zum 1. eines Monats m\u00f6glich<\/li>\n<li><strong>300-Euro-Pr\u00e4mie<\/strong> bei Gewinnung von neuen Kollegen\/innen<\/li>\n<li><strong>Fahrdienst <\/strong>oder <strong>Fahrtkostenzuschuss <\/strong><\/li>\n<li>Eine <strong>hohe \u00dcbernahmechance<\/strong> in unseren Kundenbetrieb<\/li>\n<\/ul>\n<h2>Dein neuer Job<\/h2>\n<ul>\n<li><strong>Malerarbeiten <\/strong>wie Abspachteln &amp; Anstrich<\/li>\n<li><strong>Innenausbau <\/strong>von Containern und Raumzellen im Systembau<\/li>\n<\/ul>\n<h2>Dein Profil<\/h2>\n<ul>\n<li><strong>Abgeschlossene Berufsausbildung<\/strong> im <strong>handwerklichen <\/strong>Bereich, z.B. als <strong>Maler <\/strong>und <strong>Lackierer <\/strong>(m\/w\/d), <strong>Stuckateur <\/strong>(m\/w\/d), <strong>Maurer <\/strong>(m\/w\/d) oder <strong>einschl\u00e4gige Berufserfahrung <\/strong><\/li>\n<li><strong>Handwerkliches Geschick<\/strong><\/li>\n<li>Gute <strong>Deutschkenntnisse<\/strong><\/li>\n<\/ul>\n<figure class=\"wp-caption\"><\/figure>\n<h2>Wir freuen uns auf Dich!<\/h2>\n<p>Du bist der perfekte Kandidat? Dann klicke auf &#8220;jetzt bewerben&#8221; und wir werden Dich so schnell wie m\u00f6glich kontaktieren.<\/p>\n<p>Du m\u00f6chtest sofort eine Antwort und kannst es kaum abwarten?<\/p>\n<p>Dann einfach unter dieser Nummer anrufen oder einfach eine direkte Mail an uns senden und ergattere Dir heute noch einen Job!<\/p>\n<h2>\u00dcber stewe Personalservice<\/h2>\n<p><strong>stewe Personalservice<\/strong> ist seit 2004 eine etablierte Gr\u00f6\u00dfe im Bereich Personaldienstleistung und Personalvermittlung.<\/p>\n<p>In 10 Niederlassungen betreuen wir aktuell eine stetig wachsende Zahl an zufriedenen Mitarbeitern aller Generationen.<\/p>\n","protected":false},"author":7,"template":"","class_list":["post-1169456","stellenanzeige","type-stellenanzeige","status-publish","hentry","stellenanzeige_kategorie-handwerk","duration_stellenanzeige-unbefristete-beschaeftigung","art_der_anstellung-vollzeit","type_stellenanzeige-festanstellung-zeitarbeit","firma_stellenanzeige-talent-360"],"acf":[],"_links":{"self":[{"href":"https:\/\/www.stewe.de\/en\/wp-json\/wp\/v2\/stellenanzeigen\/1169456","targetHints":{"allow":["GET"]}}],"collection":[{"href":"https:\/\/www.stewe.de\/en\/wp-json\/wp\/v2\/stellenanzeigen"}],"about":[{"href":"https:\/\/www.stewe.de\/en\/wp-json\/wp\/v2\/types\/stellenanzeige"}],"author":[{"embeddable":true,"href":"https:\/\/www.stewe.de\/en\/wp-json\/wp\/v2\/users\/7"}],"wp:attachment":[{"href":"https:\/\/www.stewe.de\/en\/wp-json\/wp\/v2\/media?parent=1169456"}],"curies":[{"name":"wp","href":"https:\/\/api.w.org\/{rel}","templated":true}]}}

<figure class="wp-caption"></figure>
<p><strong>Wir suchen DICH! </strong></p>
<figure class="wp-caption"></figure>
<p><strong>Bewirb dich</strong> jetzt als <strong>Maler </strong>(m/w/d), <strong>Lackierer </strong>(m/w/d), <strong>Innenausbauer </strong>(m/w/d) oder <strong>Trockenbauer </strong>(m/w/d) und werde Teil des Teams.</p>
<figure class="wp-caption"></figure>
<p><strong>JEDER</strong> ist willkommen!</p>
<figure class="wp-caption"></figure>
<p>Ziel ist die <strong>Übernahme</strong> in eine <strong>Festanstellung!</strong></p>
<h2>Freu Dich auf</h2>
<ul>
<li>Einen <strong>unbefristeten Arbeitsvertrag </strong></li>
<li><strong>Pünktliche Bezahlung </strong>+ tarifliche <strong>Zuschläge für Überstunden </strong></li>
<li><strong>30 Tage Urlaubanspruch </strong>je nach Betriebszugehörigkeit</li>
<li><strong>Weihnachts- und Urlaubsgeld</strong></li>
<li><strong>Abschlagszahlungen</strong> zum 1. eines Monats möglich</li>
<li><strong>300-Euro-Prämie</strong> bei Gewinnung von neuen Kollegen/innen</li>
<li><strong>Fahrdienst </strong>oder <strong>Fahrtkostenzuschuss </strong></li>
<li>Eine <strong>hohe Übernahmechance</strong> in unseren Kundenbetrieb</li>
</ul>
<h2>Dein neuer Job</h2>
<ul>
<li><strong>Malerarbeiten </strong>wie Abspachteln &amp; Anstrich</li>
<li><strong>Innenausbau </strong>von Containern und Raumzellen im Systembau</li>
</ul>
<h2>Dein Profil</h2>
<ul>
<li><strong>Abgeschlossene Berufsausbildung</strong> im <strong>handwerklichen </strong>Bereich, z.B. als <strong>Maler </strong>und <strong>Lackierer </strong>(m/w/d), <strong>Stuckateur </strong>(m/w/d), <strong>Maurer </strong>(m/w/d) oder <strong>einschlägige Berufserfahrung </strong></li>
<li><strong>Handwerkliches Geschick</strong></li>
<li>Gute <strong>Deutschkenntnisse</strong></li>
</ul>
<figure class="wp-caption"></figure>
<h2>Wir freuen uns auf Dich!</h2>
<p>Du bist der perfekte Kandidat? Dann klicke auf &#8220;jetzt bewerben&#8221; und wir werden Dich so schnell wie möglich kontaktieren.</p>
<p>Du möchtest sofort eine Antwort und kannst es kaum abwarten?</p>
<p>Dann einfach unter dieser Nummer anrufen oder einfach eine direkte Mail an uns senden und ergattere Dir heute noch einen Job!</p>
<h2>Über stewe Personalservice</h2>
<p><strong>stewe Personalservice</strong> ist seit 2004 eine etablierte Größe im Bereich Personaldienstleistung und Personalvermittlung.</p>
<p>In 10 Niederlassungen betreuen wir aktuell eine stetig wachsende Zahl an zufriedenen Mitarbeitern aller Generationen.</p>
