{"id":1163793,"date":"2026-04-27T03:10:05","date_gmt":"2026-04-27T01:10:05","guid":{"rendered":"https:\/\/www.stewe.de\/objektleiter-nrw-5-siegen-2055"},"modified":"-0001-11-30T00:00:00","modified_gmt":"-0001-11-29T22:00:00","slug":"objektleiter-nrw-5-siegen-2055","status":"publish","type":"stellenanzeige","link":"https:\/\/www.stewe.de\/en\/stellenanzeige\/objektleiter-nrw-5-siegen-2055","title":{"rendered":"Objektleiter  NRW 5- Siegen [2055]"},"content":{"rendered":"<h2>Freuen Sie sich auf<\/h2>\n<p> <span style=\"color: rgb(12, 12, 11); background-color: rgb(255, 255, 255);\">Das bekommen Sie von uns:<\/span><\/p>\n<figure class=\"wp-caption\"><\/figure>\n<p><span style=\"color: rgb(12, 12, 11); background-color: rgb(255, 255, 255);\">-Unbefristeter Vollzeitjob mit Perspektive<\/span><\/p>\n<p><span style=\"color: rgb(12, 12, 11); background-color: rgb(255, 255, 255);\">-Faire, attraktive Bezahlung<\/span><\/p>\n<p><span style=\"color: rgb(12, 12, 11); background-color: rgb(255, 255, 255);\">-Firmenwagen \u2013 auch privat nutzbar<\/span><\/p>\n<p><span style=\"color: rgb(12, 12, 11); background-color: rgb(255, 255, 255);\">-Entwicklungsm\u00f6glichkeiten &amp; Eigenverantwortung<\/span><\/p>\n<p><span style=\"color: rgb(12, 12, 11); background-color: rgb(255, 255, 255);\">-Ein Team, das zusammenh\u00e4lt<\/span><span style=\"color: rgb(33, 37, 41); background-color: rgb(247, 250, 252);\">  <\/span><\/p>\n<\/p>\n<h2>Ihr neuer Job<\/h2>\n<p><span style=\"color: rgb(12, 12, 11); background-color: rgb(255, 255, 255);\">\u2728Objektleiter (m\/w\/d) Geb\u00e4udereinigung \u2013 Vollzeit gesucht!\u2728<\/span><\/p>\n<figure class=\"wp-caption\"><\/figure>\n<p><span style=\"color: rgb(12, 12, 11); background-color: rgb(255, 255, 255);\">Sie haben den \u00dcberblick, k\u00f6nnen Teams f\u00fchren und wollen nicht nur verwalten, sondern wirklich etwas bewegen? Dann kommen Sie zu uns!<\/span><\/p>\n<figure class=\"wp-caption\"><\/figure>\n<p><span style=\"color: rgb(12, 12, 11); background-color: rgb(255, 255, 255);\">Ihre Mission:<\/span><\/p>\n<p><span style=\"color: rgb(12, 12, 11); background-color: rgb(255, 255, 255);\">\u2728 Sie steuern und betreuen mehrere Objekte eigenverantwortlich<\/span><\/p>\n<p><span style=\"color: rgb(12, 12, 11); background-color: rgb(255, 255, 255);\">\u2728 Sie f\u00fchren und motivieren Ihr Reinigungsteam<\/span><\/p>\n<p><span style=\"color: rgb(12, 12, 11); background-color: rgb(255, 255, 255);\">\u2728 Sie sorgen daf\u00fcr, dass Qualit\u00e4t und Abl\u00e4ufe stimmen<\/span><\/p>\n<p><span style=\"color: rgb(12, 12, 11); background-color: rgb(255, 255, 255);\">\u2728 Sie sind erster Ansprechpartner f\u00fcr unsere Kunden vor Ort<\/span><\/p>\n<p><span style=\"color: rgb(12, 12, 11); background-color: rgb(255, 255, 255);\">\u2728 Sie planen Eins\u00e4tze, behalten Zahlen im Blick und optimieren Prozesse<\/span><span style=\"color: rgb(33, 37, 41); background-color: rgb(247, 250, 252);\">  <\/span><\/p>\n<\/p>\n<h2>Ihr Profil<\/h2>\n<p><span style=\"color: rgb(12, 12, 11); background-color: rgb(255, 255, 255);\">\u2714 Erfahrung in der Geb\u00e4udereinigung (idealerweise mit F\u00fchrung)<\/span><\/p>\n<p><span style=\"color: rgb(12, 12, 11); background-color: rgb(255, 255, 255);\">\u2714 Organisationstalent &amp; Verantwortungsbewusstsein<\/span><\/p>\n<p><span style=\"color: rgb(12, 12, 11); background-color: rgb(255, 255, 255);\">\u2714 Kommunikationsst\u00e4rke und sicheres Auftreten<\/span><\/p>\n<p><span style=\"color: rgb(12, 12, 11); background-color: rgb(255, 255, 255);\">\u2714 Selbstst\u00e4ndige Arbeitsweise<\/span><\/p>\n<p><span style=\"color: rgb(12, 12, 11); background-color: rgb(255, 255, 255);\">\u2714 F\u00fchrerschein Klasse B<\/span><span style=\"color: rgb(33, 37, 41); background-color: rgb(247, 250, 252);\"> <\/span><\/p>\n<\/p>\n<h2>Wir freuen uns auf Sie!<\/h2>\n<p><span style=\"background-color: rgb(247, 250, 252); color: rgb(33, 37, 41);\">Wenn wir Ihr Interesse geweckt haben, freuen wir uns auf Ihre ausf\u00fchrlichen Bewerbungsunterlagen mit Angabe Ihrer Gehaltsvorstellung und des fr\u00fchestm\u00f6glichen Eintrittstermins.<\/span><\/p>\n<figure class=\"wp-caption\"><\/figure>\n<p><span style=\"background-color: rgb(247, 250, 252); color: rgb(33, 37, 41);\">Wir freuen uns auf Sie!<\/span><\/p>\n<\/p>\n<h2>\u00dcber stewe Dienstleistungen<\/h2>\n<p>Wir sind die stewe Dienstleistungen GmbH und stehen unseren Kunden seit mehr als 30 Jahren zuverl\u00e4ssig zur Seite. Seit Anfang des Jahres sind wir \u00fcber 1.600 Mitarbeitende bei mehr als 600 Kunden und suchen dringend Verst\u00e4rkung in unserem Team. Werden Sie ein Teil von uns!<\/p>\n<figure class=\"wp-caption\"><\/figure>\n<p>Unser Motto ist: &#8220;Qualit\u00e4t ist kein Zustand, sondern ein Prozess.&#8221; Wir arbeiten stetig daran, dass wir immer besser werden und begleiten unsere Kunden in dem Prozess der Saubarkeit ma\u00dfgeblich. Das Ziel ist eine kosteneffiziente Reinigung nach modernsten Ma\u00dfst\u00e4ben und unter bestm\u00f6glichen Bedingungen.<\/p>\n","protected":false},"author":7,"template":"","class_list":["post-1163793","stellenanzeige","type-stellenanzeige","status-publish","hentry","stellenanzeige_kategorie-allgemeine-dienstleistung","duration_stellenanzeige-unbefristete-beschaeftigung","art_der_anstellung-vollzeit","type_stellenanzeige-festanstellung","firma_stellenanzeige-talent-360"],"acf":[],"_links":{"self":[{"href":"https:\/\/www.stewe.de\/en\/wp-json\/wp\/v2\/stellenanzeigen\/1163793","targetHints":{"allow":["GET"]}}],"collection":[{"href":"https:\/\/www.stewe.de\/en\/wp-json\/wp\/v2\/stellenanzeigen"}],"about":[{"href":"https:\/\/www.stewe.de\/en\/wp-json\/wp\/v2\/types\/stellenanzeige"}],"author":[{"embeddable":true,"href":"https:\/\/www.stewe.de\/en\/wp-json\/wp\/v2\/users\/7"}],"wp:attachment":[{"href":"https:\/\/www.stewe.de\/en\/wp-json\/wp\/v2\/media?parent=1163793"}],"curies":[{"name":"wp","href":"https:\/\/api.w.org\/{rel}","templated":true}]}}

<h2>Freuen Sie sich auf</h2>
<p> <span style="color: rgb(12, 12, 11); background-color: rgb(255, 255, 255);">Das bekommen Sie von uns:</span></p>
<figure class="wp-caption"></figure>
<p><span style="color: rgb(12, 12, 11); background-color: rgb(255, 255, 255);">-Unbefristeter Vollzeitjob mit Perspektive</span></p>
<p><span style="color: rgb(12, 12, 11); background-color: rgb(255, 255, 255);">-Faire, attraktive Bezahlung</span></p>
<p><span style="color: rgb(12, 12, 11); background-color: rgb(255, 255, 255);">-Firmenwagen – auch privat nutzbar</span></p>
<p><span style="color: rgb(12, 12, 11); background-color: rgb(255, 255, 255);">-Entwicklungsmöglichkeiten &amp; Eigenverantwortung</span></p>
<p><span style="color: rgb(12, 12, 11); background-color: rgb(255, 255, 255);">-Ein Team, das zusammenhält</span><span style="color: rgb(33, 37, 41); background-color: rgb(247, 250, 252);">  </span></p>
</p>
<h2>Ihr neuer Job</h2>
<p><span style="color: rgb(12, 12, 11); background-color: rgb(255, 255, 255);">✨Objektleiter (m/w/d) Gebäudereinigung – Vollzeit gesucht!✨</span></p>
<figure class="wp-caption"></figure>
<p><span style="color: rgb(12, 12, 11); background-color: rgb(255, 255, 255);">Sie haben den Überblick, können Teams führen und wollen nicht nur verwalten, sondern wirklich etwas bewegen? Dann kommen Sie zu uns!</span></p>
<figure class="wp-caption"></figure>
<p><span style="color: rgb(12, 12, 11); background-color: rgb(255, 255, 255);">Ihre Mission:</span></p>
<p><span style="color: rgb(12, 12, 11); background-color: rgb(255, 255, 255);">✨ Sie steuern und betreuen mehrere Objekte eigenverantwortlich</span></p>
<p><span style="color: rgb(12, 12, 11); background-color: rgb(255, 255, 255);">✨ Sie führen und motivieren Ihr Reinigungsteam</span></p>
<p><span style="color: rgb(12, 12, 11); background-color: rgb(255, 255, 255);">✨ Sie sorgen dafür, dass Qualität und Abläufe stimmen</span></p>
<p><span style="color: rgb(12, 12, 11); background-color: rgb(255, 255, 255);">✨ Sie sind erster Ansprechpartner für unsere Kunden vor Ort</span></p>
<p><span style="color: rgb(12, 12, 11); background-color: rgb(255, 255, 255);">✨ Sie planen Einsätze, behalten Zahlen im Blick und optimieren Prozesse</span><span style="color: rgb(33, 37, 41); background-color: rgb(247, 250, 252);">  </span></p>
</p>
<h2>Ihr Profil</h2>
<p><span style="color: rgb(12, 12, 11); background-color: rgb(255, 255, 255);">✔ Erfahrung in der Gebäudereinigung (idealerweise mit Führung)</span></p>
<p><span style="color: rgb(12, 12, 11); background-color: rgb(255, 255, 255);">✔ Organisationstalent &amp; Verantwortungsbewusstsein</span></p>
<p><span style="color: rgb(12, 12, 11); background-color: rgb(255, 255, 255);">✔ Kommunikationsstärke und sicheres Auftreten</span></p>
<p><span style="color: rgb(12, 12, 11); background-color: rgb(255, 255, 255);">✔ Selbstständige Arbeitsweise</span></p>
<p><span style="color: rgb(12, 12, 11); background-color: rgb(255, 255, 255);">✔ Führerschein Klasse B</span><span style="color: rgb(33, 37, 41); background-color: rgb(247, 250, 252);"> </span></p>
</p>
<h2>Wir freuen uns auf Sie!</h2>
<p><span style="background-color: rgb(247, 250, 252); color: rgb(33, 37, 41);">Wenn wir Ihr Interesse geweckt haben, freuen wir uns auf Ihre ausführlichen Bewerbungsunterlagen mit Angabe Ihrer Gehaltsvorstellung und des frühestmöglichen Eintrittstermins.</span></p>
<figure class="wp-caption"></figure>
<p><span style="background-color: rgb(247, 250, 252); color: rgb(33, 37, 41);">Wir freuen uns auf Sie!</span></p>
</p>
<h2>Über stewe Dienstleistungen</h2>
<p>Wir sind die stewe Dienstleistungen GmbH und stehen unseren Kunden seit mehr als 30 Jahren zuverlässig zur Seite. Seit Anfang des Jahres sind wir über 1.600 Mitarbeitende bei mehr als 600 Kunden und suchen dringend Verstärkung in unserem Team. Werden Sie ein Teil von uns!</p>
<figure class="wp-caption"></figure>
<p>Unser Motto ist: &#8220;Qualität ist kein Zustand, sondern ein Prozess.&#8221; Wir arbeiten stetig daran, dass wir immer besser werden und begleiten unsere Kunden in dem Prozess der Saubarkeit maßgeblich. Das Ziel ist eine kosteneffiziente Reinigung nach modernsten Maßstäben und unter bestmöglichen Bedingungen.</p>
